{"id":585,"date":"2021-04-06T14:33:03","date_gmt":"2021-04-06T12:33:03","guid":{"rendered":"http:\/\/redup.xyz\/SVILUPPO\/gallarate\/?page_id=585"},"modified":"2021-04-14T09:32:11","modified_gmt":"2021-04-14T07:32:11","slug":"persone","status":"publish","type":"page","link":"http:\/\/redup.xyz\/SVILUPPO\/gallarate\/persone\/","title":{"rendered":"persone"},"content":{"rendered":"<p>[vc_row row_height_percent=&#8221;0&#8243; back_image=&#8221;59&#8243; overlay_color=&#8221;color-prif&#8221; overlay_alpha=&#8221;30&#8243; gutter_size=&#8221;3&#8243; column_width_percent=&#8221;100&#8243; shift_y=&#8221;0&#8243; z_index=&#8221;0&#8243; row_height_pixel=&#8221;300&#8243;][vc_column column_width_percent=&#8221;100&#8243; position_vertical=&#8221;middle&#8221; align_horizontal=&#8221;align_center&#8221; gutter_size=&#8221;3&#8243; style=&#8221;dark&#8221; overlay_alpha=&#8221;50&#8243; shift_x=&#8221;0&#8243; shift_y=&#8221;0&#8243; shift_y_down=&#8221;0&#8243; z_index=&#8221;0&#8243; medium_width=&#8221;0&#8243; mobile_width=&#8221;0&#8243; width=&#8221;1\/1&#8243;][vc_custom_heading auto_text=&#8221;yes&#8221; text_size=&#8221;h1&#8243; text_weight=&#8221;800&#8243; text_transform=&#8221;uppercase&#8221;]This is a custom heading element.[\/vc_custom_heading][\/vc_column][\/vc_row][vc_row][vc_column width=&#8221;1\/1&#8243;][vc_column_text]<\/p>\n<h3>Identikit del personale (Fonte: Conto Annuale 2019)<\/h3>\n<p>Il Comune di Gallarate conta 248 dipendenti, 4,6 ogni 1.000 abitanti al di sotto della media* regionale (5,64) e nazionale (6,27).[\/vc_column_text][vc_separator sep_color=&#8221;color-203051&#8243; el_height=&#8221;3px&#8221;][vc_row_inner row_inner_height_percent=&#8221;0&#8243; overlay_alpha=&#8221;50&#8243; equal_height=&#8221;yes&#8221; gutter_size=&#8221;3&#8243; shift_y=&#8221;0&#8243; z_index=&#8221;0&#8243; limit_content=&#8221;&#8221;][vc_column_inner column_width_percent=&#8221;100&#8243; position_vertical=&#8221;middle&#8221; gutter_size=&#8221;3&#8243; overlay_alpha=&#8221;50&#8243; shift_x=&#8221;0&#8243; shift_y=&#8221;0&#8243; shift_y_down=&#8221;0&#8243; z_index=&#8221;0&#8243; medium_width=&#8221;0&#8243; mobile_width=&#8221;0&#8243; width=&#8221;1\/3&#8243;][vc_single_image media=&#8221;593&#8243; media_width_percent=&#8221;75&#8243;][\/vc_column_inner][vc_column_inner width=&#8221;1\/3&#8243;][vc_column_text]<strong>Genere:<br \/>\n<\/strong>67% donne,<br \/>\n33% uomini<\/p>\n<hr \/>\n<p><strong>Et\u00e0:<br \/>\n<\/strong>91,5% del personale con<br \/>\net\u00e0 superiore ai 40 anni<\/p>\n<hr \/>\n<p><strong>Titolo di studio:<br \/>\n<\/strong>20,6% del personale in possesso di laurea e 65,2% in possesso di diploma di istruzione secondaria[\/vc_column_text][\/vc_column_inner][vc_column_inner width=&#8221;1\/3&#8243;][vc_column_text]<strong>Contratto:<\/strong><br \/>\n247 su 248 dipendenti a tempo indeterminato,<br \/>\n6 dirigenti (1 ogni 41,33)<\/p>\n<hr \/>\n<p><strong>Orario di lavoro:<br \/>\n<\/strong>15% il personale in <em>part-time<\/em><br \/>\nprevalentemente donne (circa il 95%)<\/p>\n<hr \/>\n<p><strong>Anzianit\u00e0:<br \/>\n<\/strong>53,4% del personale con<br \/>\npi\u00f9 di 21 anni di anzianit\u00e0[\/vc_column_text][\/vc_column_inner][\/vc_row_inner][vc_separator sep_color=&#8221;color-203051&#8243;][\/vc_column][\/vc_row][vc_row][vc_column width=&#8221;1\/1&#8243;][vc_column_text]<\/p>\n<h3>Organigramma<\/h3>\n<p>in vigore a partire dal 15.02.2019[\/vc_column_text][vc_separator sep_color=&#8221;color-203051&#8243; el_height=&#8221;3px&#8221;][vc_row_inner row_inner_height_percent=&#8221;0&#8243; overlay_alpha=&#8221;50&#8243; equal_height=&#8221;yes&#8221; gutter_size=&#8221;3&#8243; shift_y=&#8221;0&#8243; z_index=&#8221;0&#8243; limit_content=&#8221;&#8221;][vc_column_inner column_width_percent=&#8221;100&#8243; position_vertical=&#8221;middle&#8221; gutter_size=&#8221;3&#8243; overlay_alpha=&#8221;50&#8243; shift_x=&#8221;0&#8243; shift_y=&#8221;0&#8243; shift_y_down=&#8221;0&#8243; z_index=&#8221;0&#8243; medium_width=&#8221;0&#8243; mobile_width=&#8221;0&#8243; width=&#8221;1\/1&#8243;][vc_raw_js]JTNDc2NyaXB0JTIwaWQlM0QlMjJpbmZvZ3JhbV8wXzhjOTcxNGQ0LWZhYTgtNDAyYi04OTA1LTgxMmEzNDg2MTcyMiUyMiUyMHRpdGxlJTNEJTIyb3JnYW5pZ3JhbW1hJTIyJTIwc3JjJTNEJTIyaHR0cHMlM0ElMkYlMkZlLmluZm9ncmFtLmNvbSUyRmpzJTJGZGlzdCUyRmVtYmVkLmpzJTNGeFdLJTIyJTIwdHlwZSUzRCUyMnRleHQlMkZqYXZhc2NyaXB0JTIyJTNFJTNDJTJGc2NyaXB0JTNF[\/vc_raw_js][\/vc_column_inner][\/vc_row_inner][vc_separator sep_color=&#8221;color-203051&#8243;][\/vc_column][\/vc_row][vc_row][vc_column width=&#8221;1\/1&#8243;][vc_column_text]<\/p>\n<h3>Le politiche di gestione del personale<\/h3>\n<p>[\/vc_column_text][vc_separator sep_color=&#8221;color-203051&#8243; el_height=&#8221;3px&#8221;][vc_row_inner row_inner_height_percent=&#8221;0&#8243; overlay_alpha=&#8221;50&#8243; gutter_size=&#8221;3&#8243; shift_y=&#8221;0&#8243; z_index=&#8221;0&#8243; limit_content=&#8221;&#8221;][vc_column_inner column_width_percent=&#8221;100&#8243; position_vertical=&#8221;middle&#8221; gutter_size=&#8221;3&#8243; overlay_alpha=&#8221;50&#8243; shift_x=&#8221;0&#8243; shift_y=&#8221;0&#8243; shift_y_down=&#8221;0&#8243; z_index=&#8221;0&#8243; medium_width=&#8221;0&#8243; mobile_width=&#8221;0&#8243; width=&#8221;2\/3&#8243;][vc_column_text]L\u2019Amministrazione ha adottato una strategia di rivisitazione dell\u2019organizzazione degli uffici comunali finalizzata all\u2019efficientamento e alla riduzione dei costi di struttura. Il modello adottato valorizza il ruolo della dirigenza, responsabilizzandola su obiettivi e priorit\u00e0 dell\u2019azione amministrativa. \u00c8 stato, infatti, introdotto un nuovo sistema di misurazione e valutazione della performance, che soppesa l\u2019operato della dirigenza sulla base di criteri qualitativi e non pi\u00f9 solo quantitativi. Per quanto riguarda il turnover, nel periodo 2016-2019 sono cessati 61 rapporti di lavoro, solo in parte compensati con 39 nuove assunzioni. Questo \u00e8 stato determinato dai blocchi imposti dalla normativa e dalla precedente programmazione. Le assunzioni sono riprese nel 2020 in attuazione del nuovo Piano assunzionale adottato che assicura il turnover. Il Comune ha comunque garantito la continuit\u00e0 dei servizi, anche grazie al processo di digitalizzazione di pratiche e procedure. La spesa per il personale incide per il 22% del totale delle spese correnti, ben al di sotto della soglia massima di spesa per il personale pari al 27% per la fascia demografica (10.000-59.000 abitanti).[\/vc_column_text][\/vc_column_inner][vc_column_inner width=&#8221;1\/3&#8243;][vc_raw_js]JTNDZGl2JTIwY2xhc3MlM0QlMjJpbmZvZ3JhbS1lbWJlZCUyMiUyMGRhdGEtaWQlM0QlMjIxMjU4YWUzNy02YzVhLTRmOTItYmY4Zi05N2RmOGZlODVjZDYlMjIlMjBkYXRhLXR5cGUlM0QlMjJpbnRlcmFjdGl2ZSUyMiUyMGRhdGEtdGl0bGUlM0QlMjJUdXJub3ZlciUyMGRpcGVuZGVudGklMjIlM0UlM0MlMkZkaXYlM0UlM0NzY3JpcHQlM0UlMjFmdW5jdGlvbiUyOGUlMkNpJTJDbiUyQ3MlMjklN0J2YXIlMjB0JTNEJTIySW5mb2dyYW1FbWJlZHMlMjIlMkNkJTNEZS5nZXRFbGVtZW50c0J5VGFnTmFtZSUyOCUyMnNjcmlwdCUyMiUyOSU1QjAlNUQlM0JpZiUyOHdpbmRvdyU1QnQlNUQlMjYlMjZ3aW5kb3clNUJ0JTVELmluaXRpYWxpemVkJTI5d2luZG93JTVCdCU1RC5wcm9jZXNzJTI2JTI2d2luZG93JTVCdCU1RC5wcm9jZXNzJTI4JTI5JTNCZWxzZSUyMGlmJTI4JTIxZS5nZXRFbGVtZW50QnlJZCUyOG4lMjklMjklN0J2YXIlMjBvJTNEZS5jcmVhdGVFbGVtZW50JTI4JTIyc2NyaXB0JTIyJTI5JTNCby5hc3luYyUzRDElMkNvLmlkJTNEbiUyQ28uc3JjJTNEJTIyaHR0cHMlM0ElMkYlMkZlLmluZm9ncmFtLmNvbSUyRmpzJTJGZGlzdCUyRmVtYmVkLWxvYWRlci1taW4uanMlMjIlMkNkLnBhcmVudE5vZGUuaW5zZXJ0QmVmb3JlJTI4byUyQ2QlMjklN0QlN0QlMjhkb2N1bWVudCUyQzAlMkMlMjJpbmZvZ3JhbS1hc3luYyUyMiUyOSUzQiUzQyUyRnNjcmlwdCUzRQ==[\/vc_raw_js][\/vc_column_inner][\/vc_row_inner][vc_separator sep_color=&#8221;color-203051&#8243;][\/vc_column][\/vc_row][vc_row][vc_column width=&#8221;1\/1&#8243;][vc_column_text]<\/p>\n<h3>Formazione<\/h3>\n<p>[\/vc_column_text][vc_separator sep_color=&#8221;color-203051&#8243; el_height=&#8221;3px&#8221;][vc_row_inner row_inner_height_percent=&#8221;0&#8243; overlay_alpha=&#8221;50&#8243; gutter_size=&#8221;3&#8243; shift_y=&#8221;0&#8243; z_index=&#8221;0&#8243; limit_content=&#8221;&#8221;][vc_column_inner column_width_percent=&#8221;100&#8243; position_vertical=&#8221;middle&#8221; gutter_size=&#8221;3&#8243; overlay_alpha=&#8221;50&#8243; shift_x=&#8221;0&#8243; shift_y=&#8221;0&#8243; shift_y_down=&#8221;0&#8243; z_index=&#8221;0&#8243; medium_width=&#8221;0&#8243; mobile_width=&#8221;0&#8243; width=&#8221;2\/3&#8243;][vc_column_text]Attuati nel mandato percorsi di formazione per tutti i dipendenti ai diversi livelli di responsabilit\u00e0, erogati sia da formatori esterni, che dall\u2019Ente. La formazione gestita da enti esterni \u00e8 stata finalizzata in particolare ad approfondire le novit\u00e0 normative in materia di Codice degli appalti, personale, nuova contabilit\u00e0 e temi specifici collegati ai servizi demografici, all\u2019anticorruzione e alla trasparenza.[\/vc_column_text][\/vc_column_inner][vc_column_inner width=&#8221;1\/3&#8243;][vc_raw_js]JTNDZGl2JTIwY2xhc3MlM0QlMjJpbmZvZ3JhbS1lbWJlZCUyMiUyMGRhdGEtaWQlM0QlMjI4NmYwYjlkMC0yYjZkLTRhNGQtYmU3MS01ZGU2MTMzNDVhMjYlMjIlMjBkYXRhLXR5cGUlM0QlMjJpbnRlcmFjdGl2ZSUyMiUyMGRhdGEtdGl0bGUlM0QlMjJGb3JtYXppb25lJTIwZGVsJTIwcGVyc29uYWxlJTIwJTI4b3JlJTIwZSUyMHNwZXNhJTI5JTIyJTNFJTNDJTJGZGl2JTNFJTNDc2NyaXB0JTNFJTIxZnVuY3Rpb24lMjhlJTJDaSUyQ24lMkNzJTI5JTdCdmFyJTIwdCUzRCUyMkluZm9ncmFtRW1iZWRzJTIyJTJDZCUzRGUuZ2V0RWxlbWVudHNCeVRhZ05hbWUlMjglMjJzY3JpcHQlMjIlMjklNUIwJTVEJTNCaWYlMjh3aW5kb3clNUJ0JTVEJTI2JTI2d2luZG93JTVCdCU1RC5pbml0aWFsaXplZCUyOXdpbmRvdyU1QnQlNUQucHJvY2VzcyUyNiUyNndpbmRvdyU1QnQlNUQucHJvY2VzcyUyOCUyOSUzQmVsc2UlMjBpZiUyOCUyMWUuZ2V0RWxlbWVudEJ5SWQlMjhuJTI5JTI5JTdCdmFyJTIwbyUzRGUuY3JlYXRlRWxlbWVudCUyOCUyMnNjcmlwdCUyMiUyOSUzQm8uYXN5bmMlM0QxJTJDby5pZCUzRG4lMkNvLnNyYyUzRCUyMmh0dHBzJTNBJTJGJTJGZS5pbmZvZ3JhbS5jb20lMkZqcyUyRmRpc3QlMkZlbWJlZC1sb2FkZXItbWluLmpzJTIyJTJDZC5wYXJlbnROb2RlLmluc2VydEJlZm9yZSUyOG8lMkNkJTI5JTdEJTdEJTI4ZG9jdW1lbnQlMkMwJTJDJTIyaW5mb2dyYW0tYXN5bmMlMjIlMjklM0IlM0MlMkZzY3JpcHQlM0U=[\/vc_raw_js][\/vc_column_inner][\/vc_row_inner][vc_separator sep_color=&#8221;color-203051&#8243;][\/vc_column][\/vc_row][vc_row][vc_column width=&#8221;1\/1&#8243;][vc_column_text]<\/p>\n<h3>Pari opportunit\u00e0 e conciliazione vita-lavoro<\/h3>\n<p>[\/vc_column_text][vc_separator sep_color=&#8221;color-203051&#8243; el_height=&#8221;3px&#8221;][vc_row_inner row_inner_height_percent=&#8221;0&#8243; overlay_alpha=&#8221;50&#8243; gutter_size=&#8221;3&#8243; shift_y=&#8221;0&#8243; z_index=&#8221;0&#8243; limit_content=&#8221;&#8221;][vc_column_inner column_width_percent=&#8221;100&#8243; position_vertical=&#8221;middle&#8221; gutter_size=&#8221;3&#8243; overlay_alpha=&#8221;50&#8243; shift_x=&#8221;0&#8243; shift_y=&#8221;0&#8243; shift_y_down=&#8221;0&#8243; z_index=&#8221;0&#8243; medium_width=&#8221;0&#8243; mobile_width=&#8221;0&#8243; width=&#8221;2\/3&#8243;][vc_column_text]Nel 2017 \u00e8 stato approvato un Regolamento per la disciplina e gestione del <em>part-time<\/em>, ai fini di ponderare al meglio le esigenze del personale e dell\u2019Ente. Per garantire il maggior grado di flessibilit\u00e0 possibili sono state previste tre fasce di orario <em>part-time<\/em>: 80%, 70% e 50%. La percentuale di rapporti di lavoro part-time si attesta al 31\/12\/2019 al 15% e nel 95% dei casi riguarda le donne, le quali rappresentano il 67% del personale dipendente. In pi\u00f9, l\u2019Amministrazione ha introdotto la flessibilit\u00e0 oraria di un\u2019ora, sia in ingresso che in uscita, richiedendo solo due rientri pomeridiani a settimana. L\u2019Amministrazione ha promosso l\u2019utilizzo dei congedi parentali per necessit\u00e0 di tipo familiare o personale anche da parte degli uomini, con un <em>trend<\/em> in crescita tra il 2017 e il 2019:<\/p>\n<table>\n<tbody>\n<tr>\n<td width=\"103\">2017<\/td>\n<td width=\"312\">1 richiesta di congedo per complessivi 9 giorni<\/td>\n<\/tr>\n<tr>\n<td width=\"103\">2018<\/td>\n<td width=\"312\">2 richieste di congedo per complessivi 15 giorni<\/td>\n<\/tr>\n<tr>\n<td width=\"103\">2019<\/td>\n<td width=\"312\">5 richieste di congedo per complessivi 77 giorni<\/td>\n<\/tr>\n<\/tbody>\n<\/table>\n<p>Da segnalare anche il rafforzamento del Comitato Unico di Garanzia (CUG) e promozione delle pari opportunit\u00e0 in materia di formazione, di aggiornamento e di qualificazione professionale, con l\u2019avvio di un percorso di formazione specifica rivolto ai suoi componenti. Nel 2020, anche in relazione allo scoppio della pandemia, \u00e8 stato incentivato il ricorso allo <em>smart-working<\/em>, attivando circa 150\/160 postazioni da remoto. Ultimo, ma non meno importante, il Comune aderendo ad una specifica iniziativa di prevenzione ha messo a disposizione delle sue dipendenti un controllo gratuito ai fini della prevenzione del tumore al seno. (iniziativa una tantum)[\/vc_column_text][\/vc_column_inner][vc_column_inner width=&#8221;1\/3&#8243;][\/vc_column_inner][\/vc_row_inner][vc_separator sep_color=&#8221;color-203051&#8243;][\/vc_column][\/vc_row]<\/p>\n","protected":false},"excerpt":{"rendered":"<p>[vc_row row_height_percent=&#8221;0&#8243; back_image=&#8221;59&#8243; overlay_color=&#8221;color-prif&#8221; overlay_alpha=&#8221;30&#8243; gutter_size=&#8221;3&#8243; column_width_percent=&#8221;100&#8243; shift_y=&#8221;0&#8243; z_index=&#8221;0&#8243; row_height_pixel=&#8221;300&#8243;][vc_column column_width_percent=&#8221;100&#8243; position_vertical=&#8221;middle&#8221; align_horizontal=&#8221;align_center&#8221; gutter_size=&#8221;3&#8243; style=&#8221;dark&#8221; overlay_alpha=&#8221;50&#8243; shift_x=&#8221;0&#8243; shift_y=&#8221;0&#8243; shift_y_down=&#8221;0&#8243; z_index=&#8221;0&#8243; [&hellip;]<\/p>\n","protected":false},"author":2,"featured_media":0,"parent":0,"menu_order":0,"comment_status":"closed","ping_status":"closed","template":"","meta":[],"_links":{"self":[{"href":"http:\/\/redup.xyz\/SVILUPPO\/gallarate\/wp-json\/wp\/v2\/pages\/585"}],"collection":[{"href":"http:\/\/redup.xyz\/SVILUPPO\/gallarate\/wp-json\/wp\/v2\/pages"}],"about":[{"href":"http:\/\/redup.xyz\/SVILUPPO\/gallarate\/wp-json\/wp\/v2\/types\/page"}],"author":[{"embeddable":true,"href":"http:\/\/redup.xyz\/SVILUPPO\/gallarate\/wp-json\/wp\/v2\/users\/2"}],"replies":[{"embeddable":true,"href":"http:\/\/redup.xyz\/SVILUPPO\/gallarate\/wp-json\/wp\/v2\/comments?post=585"}],"version-history":[{"count":14,"href":"http:\/\/redup.xyz\/SVILUPPO\/gallarate\/wp-json\/wp\/v2\/pages\/585\/revisions"}],"predecessor-version":[{"id":783,"href":"http:\/\/redup.xyz\/SVILUPPO\/gallarate\/wp-json\/wp\/v2\/pages\/585\/revisions\/783"}],"wp:attachment":[{"href":"http:\/\/redup.xyz\/SVILUPPO\/gallarate\/wp-json\/wp\/v2\/media?parent=585"}],"curies":[{"name":"wp","href":"https:\/\/api.w.org\/{rel}","templated":true}]}}